
Is 2357909 a composite number?
False
Is 3152749 a prime number?
True
Is 145458673 a composite number?
False
Is 66095223 a prime number?
False
Is 10005059 a prime number?
False
Is 480239 a prime number?
False
Is 3592397 composite?
False
Is 538177 prime?
False
Is 1473252245 prime?
False
Is 74088991 prime?
True
Is 99982193 composite?
False
Is 277046557 composite?
False
Is 103892839 prime?
False
Is 4603897 prime?
True
Is 217194889 a prime number?
True
Is 5109547 composite?
False
Is 178499093 a prime number?
False
Is 4280251 a prime number?
False
Is 12550451 composite?
True
Is 181525459 composite?
True
Is 5019953 a prime number?
False
Is 14077433 composite?
False
Is 33582113 a prime number?
True
Is 98169809 a composite number?
True
Is 237638 prime?
False
Is 3498457 prime?
True
Is 203583863 prime?
False
Is 1999499 composite?
False
Is 6215423 a composite number?
False
Is 20765509 a composite number?
False
Is 30374011 a composite number?
False
Is 4027769 prime?
False
Is 4158779 prime?
True
Is 42476963 composite?
True
Is 2581801 composite?
True
Is 1057541 prime?
True
Is 375862 composite?
True
Is 4423117 composite?
False
Is 78483697 prime?
False
Is 2701549 composite?
True
Is 934387 prime?
True
Is 10983583 prime?
False
Is 9321805 prime?
False
Is 18691391 a prime number?
True
Is 194239 a composite number?
False
Is 2427263 a prime number?
True
Is 46809691 prime?
False
Is 67876183 a composite number?
False
Is 631555971 a prime number?
False
Is 4352747 composite?
True
Is 10292377 a prime number?
False
Is 17227213 a prime number?
True
Is 80606549 a composite number?
False
Is 8495003 prime?
False
Is 6208013 a composite number?
True
Is 15941173 composite?
True
Is 20253953 a prime number?
False
Is 17189999 a composite number?
False
Is 810241 a composite number?
True
Is 222247 composite?
False
Is 1241063 a composite number?
True
Is 33813721 prime?
True
Is 24963811 composite?
False
Is 113705938 composite?
True
Is 74678759 a prime number?
False
Is 5991917 a composite number?
True
Is 240173047 prime?
True
Is 5328833 prime?
True
Is 31168451 composite?
True
Is 1038959 a composite number?
True
Is 598343 prime?
False
Is 70253 prime?
False
Is 102397 composite?
False
Is 230450267 prime?
True
Is 7788763 composite?
False
Is 66570457 a prime number?
False
Is 3027221 a prime number?
True
Is 520248281 a composite number?
True
Is 77321521 a prime number?
True
Is 2668663 composite?
False
Is 682425202 prime?
False
Is 42009511 composite?
True
Is 933599 prime?
False
Is 2412439 a composite number?
False
Is 712091 composite?
True
Is 43183733 composite?
False
Is 184024951 composite?
True
Is 1384657 a prime number?
False
Is 70719722 a prime number?
False
Is 355731757 prime?
False
Is 3267892699 a prime number?
True
Is 6124271 prime?
True
Is 3436681 prime?
True
Is 63015899 a composite number?
False
Is 29538347 a prime number?
True
Is 81923981 composite?
False
Is 396848443 a prime number?
True
Is 408311 prime?
True
Is 4345307 a prime number?
True
Is 99145399 a composite number?
False
Is 7221611 prime?
True
Is 15193057 a prime number?
False
Is 264323 prime?
True
Is 34934393 a prime number?
False
Is 347274854 a prime number?
False
Is 531584503 composite?
False
Is 31849574 a composite number?
True
Is 5417099 composite?
False
Is 8771207 a prime number?
True
Is 1309589 prime?
True
Is 14793679 a prime number?
True
Is 1262507 a composite number?
True
Is 41921273 a composite number?
True
Is 125585483 a prime number?
True
Is 1020937 a prime number?
False
Is 23077265 composite?
True
Is 4724503 a composite number?
True
Is 965729 composite?
True
Is 24778723 composite?
False
Is 1885690441 a composite number?
False
Is 3609643 a composite number?
True
Is 15340301 composite?
True
Is 396277 a composite number?
True
Is 453971741 composite?
False
Is 1385574299 a composite number?
False
Is 46377587 composite?
False
Is 4026791 a prime number?
True
Is 7173886 prime?
False
Is 141813869 a composite number?
True
Is 15702599 composite?
True
Is 224602709 prime?
False
Is 79073899 composite?
False
Is 54389807 prime?
True
Is 5119501 prime?
False
Is 839051 composite?
False
Is 89464418 a composite number?
True
Is 1464889 a composite number?
True
Is 49989617 composite?
True
Is 20052623 composite?
False
Is 482557 a prime number?
False
Is 12133747 a prime number?
True
Is 3601837 composite?
False
Is 980059 a composite number?
True
Is 11910331 a composite number?
True
Is 617602 composite?
True
Is 123559193 a composite number?
True
Is 20671969 a prime number?
False
Is 155033 a composite number?
True
Is 11109557 a composite number?
False
Is 28267571 composite?
True
Is 1675339 a prime number?
True
Is 186588307 prime?
True
Is 3011641 a composite number?
False
Is 508558 prime?
False
Is 1504231 composite?
False
Is 79991933 prime?
False
Is 2554061 a prime number?
False
Is 1425383 a composite number?
True
Is 5614411 prime?
False
Is 12227 a prime number?
True
Is 19634117 composite?
False
Is 13268971 a composite number?
False
Is 350081 prime?
False
Is 27623417 a composite number?
True
Is 32662037 composite?
True
Is 2313168895 a prime number?
False
Is 749891 a composite number?
False
Is 127599419 a composite number?
False
Is 75562 a composite number?
True
Is 5002559 a composite number?
True
Is 3120353 composite?
True
Is 306016277 prime?
False
Is 49313697 a composite number?
True
Is 3090401 a composite number?
True
Is 18064549 a prime number?
True
Is 14013259 prime?
False
Is 276229 a prime number?
True
Is 70760341 prime?
False
Is 7169515 prime?
False
Is 1661347 a prime number?
True
Is 210802741 a prime number?
False
Is 89746507 a prime number?
False
Is 46953037 prime?
False
Is 6996089 a prime number?
True
Is 19320151 a composite number?
True
Is 5754981 prime?
False
Is 300253 a composite number?
True
Is 8556133 a prime number?
True
Is 9839411 a prime number?
True
Is 566478217 prime?
False
Is 2513881 a composite number?
False
Is 183776741 prime?
False
Is 52724653 a composite number?
False
Is 1190395 prime?
False
Is 5054557 a composite number?
True
Is 85979417 prime?
True
Is 20443903 composite?
True
Is 1089169 a prime number?
False
Is 10424171 prime?
True
Is 47272787 prime?
True
Is 134257 a prime number?
True
Is 9969647 composite?
True
Is 30306929 a composite number?
False
Is 358227203 composite?
True
Is 64765931 a composite number?
True
Is 1131791 prime?
False
Is 15249061 a prime number?
True
Is 7664803 prime?
True
Is 1230907 composite?
False
Is 23948941 a prime number?
False
Is 5430361 a composite number?
True
Is 40043587 composite?
True
Is 2511871 composite?
False
Is 290309 a composite number?
True
Is 133243 prime?
False
Is 38419703 a composite number?
True
Is 152140861 prime?
True
Is 9887749 a composite number?
True
Is 55284407 a prime number?
True
Is 26509211 a composite number?
False
Is 225272237 a prime number?
True
Is 195468851 a composite number?
False
Is 3934079 a composite number?
True
Is 128238893 composite?
False
Is 4669487 prime?
False
Is 178162711 composite?
True
Is 374083 composite?
False
Is 1689973 prime?
False
Is 385423 a prime number?
False
Is 10045667 prime?
True
Is 1970957 prime?
True
Is 14646679 prime?
False
Is 8853797 a composite number?
False
Is 5039449 a prime number?
False
Is 205480189 composite?
False
Is 155212247 a prime number?
True
Is 1336486 a prime number?
False
Is 9966269 composite?
False
Is 347742611 composite?
False
Is 39967414 a composite number?
True
Is 375194713 composite?
True
Is 3424801 a composite number?
False
Is 2773439 a prime number?
True
Is 400173239 a composite number?
True
Is 125681759 a composite number?
True
Is 240880927 a composite number?
True
Is 40024877 a composite number?
False
Is 1750731 a prime number?
False
Is 314542951 a composite number?
False
Is 157820203 a composite number?
False
Is 13059427 a composite number?
False
Is 9595669 a composite number?
True
Is 12122761 composite?
True
Is 690826 composite?
True
Is 172848659 prime?
True
Is 40290953 a composite number?
False
Is 410317 a composite number?
False
Is 2818841 composite?
False
Is 54781759 a composite number?
False
Is 59504311 composite?
False
Is 710971 prime?
True
Is 30887237 a prime number?
True
Is 1696931 composite?
True
Is 22315093 a prime number?
True
Is 2271551 composite?
False
Is 1470533 a prime number?
False
Is 2